 h composite?
False
Let u(a) = 5*a**2 - 4*a - 3. Let j(w) = 4*w**2 - 4*w - 4. Let s(l) = 4*j(l) - 3*u(l). Suppose 0 = v + 1 - 8. Is s(v) prime?
False
Let f(n) = -3*n - 1. Let w be f(-1). Suppose 0 + 6 = w*j. Let z = j + 52. Is z composite?
True
Let a(o) = -o**2 + 2*o - 3. Let f be a(2). Suppose n - 804 = -3*n. Is (f/(9/n))/(-1) composite?
False
Let z(b) = b**2 + 20. Let v be z(0). Let h = 26 + v. Is h a prime number?
False
Let i be (2 + -2)*(-1)/2. Let r = i - -5. Let m(q) = 10*q + 3. Is m(r) a composite number?
False
Suppose 4*b - 7 = 5. Suppose -b*y - 423 = 1137. Is 4/(-18) - y/72 a prime number?
True
Suppose 2*p = 3*a - p + 21, 22 = -4*a - 2*p. Let x = 45 + -18. Is ((-20)/a)/(6/x) a composite number?
True
Let l(c) = c - 2. Let y be l(4). Suppose -y*m - 11 = 5. Is (58/m - 2)*-4 a composite number?
False
Suppose -31 = -5*j + 84. Let x = j - -284. Is x a composite number?
False
Let d(j) = j - 1. Let u be d(-2). Suppose 8 = 3*f + f. Is (-18)/u*5/f composite?
True
Let d = 81 - 58. Let h(p) = p**3 + 5*p**2 + 4*p + 4. Let l be h(-5). Let f = l + d. Is f prime?
True
Let b(y) = 24 - 15 + 3*y**2 - 3*y + y - 12. Let z(o) = -o**3 - 6*o**2 - 2*o - 8. Let p be z(-6). Is b(p) composite?
False
Suppose -3 = -2*q + 3. Suppose -5*o = -6*o + q. Suppose -5*g + 4*h + 607 = 0, 4*g - 366 = g + o*h. Is g a prime number?
False
Is (-49)/(-28) + (-1)/(-4) + 8055 prime?
False
Suppose -3*n + 2702 = 401. Is n composite?
True
Let o be (-2)/(-5)*380/2. Suppose -4*l + 0*l + o = 0. Is l a prime number?
True
Let h(i) = i**3 + 28*i**2 + 26*i + 52. Is h(-27) prime?
True
Let y(a) = a**3 + 3*a**2 - 3*a + 2. Let g be y(-4). Let d = -265 + 371. Is (-4)/g*d/4 a composite number?
False
Let n = -4 + 6. Let r = 1 + n. Is -1*(2 - r) - -34 a prime number?
False
Suppose c + 0*c - 1 = k, -3*k + 2*c = 2. Suppose 0 = -2*b - 2, -4*a + b + 317 = -k*b. Is a a prime number?
True
Suppose t = 5*t - 2648. Suppose -b + t = b. Is b a composite number?
False
Is (-12)/3 + 75 - 4 composite?
False
Suppose 1394 = -15*s + 17*s. Is s a prime number?
False
Suppose 120 + 261 = 3*a. Is a prime?
True
Let l(i) = i**2 + 4*i - 3. Let r be l(-5). Suppose r*v - v = 307. Is v a prime number?
True
Let h(z) = -z**3 - 6*z**2 - z + 8. Let v = 15 + -21. Let a be h(v). Suppose 2*k = 60 + a. Is k prime?
True
Suppose -5*g + 4*i + 1071 = 0, 495 = 3*g - 5*i - 158. Is g composite?
False
Suppose 2*o + o - 6 = 0. Is 201*(2/3)/o a composite number?
False
Let m(w) = 9*w + w**2 + 2 - w - 4*w - 3*w. Let z = 9 + -5. Is m(z) a prime number?
False
Is (8/(-10))/(28/(-8890)) composite?
True
Is 1002/(-9)*9/(-6) composite?
False
Suppose 0 = 2*k - t, 0 = 4*k - t - 2*t + 2. Let s(m) = 6*m - 8. Let i be s(6). Suppose -90 = -5*n - 5*q, -q = -2*n - k + i. Is n composite?
True
Let y be (-4)/(-14) - 78/(-21). Suppose 2*k + k + y*t - 375 = 0, 5*k + 3*t = 614. Is k prime?
False
Is -3*12/(-9) + 751*3 a prime number?
False
Suppose -2*y = -7*y + 105. Is y a composite number?
True
Let n(r) = 107*r - 1. Is n(2) prime?
False
Let z(r) = r**3 + 3*r**2 - 5*r - 4. Let j be z(-4). Let a be (-318)/18*(-18 - j). Suppose 2*m + 5*v - a = 0, 0 = 4*v - 6*v - 8. Is m composite?
True
Let o = -660 + 311. Let k = -204 - o. Is k a composite number?
True
Let n(f) = 87*f - 7. Is n(3) composite?
True
Let o = 224 - -309. Is o composite?
True
Let g = 1 - -3. Suppose -z - 2*m = g, -5*m - 40 = -6*z + z. Is (z - 1)/((-1)/(-11)) a composite number?
True
Suppose -2*u - 2*u + 28 = 0. Suppose -u*h + 85 = -6*h. Is h prime?
False
Suppose 3*s + s = 8, 33 = 5*r + 4*s. Suppose 0 = -3*o - 2*g + r + 56, -53 = -3*o - 4*g. Is o a prime number?
True
Suppose x + 10 = 3*z - 7, z = x + 19. Is (485/x)/((-1)/4) composite?
False
Let p be -2 + 1/1 + 3. Is (p + 49)/3 + -2 a composite number?
True
Let o(f) = f**2 - 6*f + 3. Let u be (1*-3)/(1/(-2)). Let i be o(u). Suppose 6*x - 393 = i*x. Is x a composite number?
False
Is 74/(-4)*(-3 + 3 - 14) prime?
False
Is -2 - 3/((-6)/4478) prime?
True
Suppose -2*w - 4 = -4*w. Suppose m - 9 = -w*m. Is 10/15 + 73/m a prime number?
False
Let c(p) = 26*p**2 - p + 1. Let a be c(2). Suppose -4*k + 414 = 3*n, 2*k = -n + 103 + a. Is (10/4)/(3/k) a composite number?
True
Suppose -l + 1093 = -58. Is l a composite number?
False
Suppose 4*d + 8 = -x - x, x - 4*d - 8 = 0. Let l(q) = -1 - 10 + x - 8*q. Is l(-8) prime?
True
Let i = -4 - 2. Let v(f) = -f**3 - 6*f**2 - 6*f - 3. Is v(i) a composite number?
True
Let k(g) be the second derivative of g**4/6 - 3*g**3/2 - 5*g**2 + g. Is k(7) prime?
False
Suppose 4*y = -2*h - 106, 0 = 5*h - y - 0*y + 232. Is 3 - (-2 - -3) - h prime?
False
Suppose 0 = 4*z - 2*o - 888, -3*z + 9*o - 4*o = -680. Let q = z + -82. Let d = q + -51. Is d prime?
False
Suppose 23 + 135 = 2*x. Is x prime?
True
Suppose -4*n - 124 = -5*n. Suppose -3*y + d + n = y, -y - 5*d + 31 = 0. Is y a composite number?
False
Let v(m) = 56*m + 25. Is v(11) composite?
False
Let p(g) = 0*g**3 - 4*g - g**3 - 9*g**2 - 4*g - 5. Suppose 4*i - 3*h + 2 = -19, 3*i + 47 = -4*h. Is p(i) a prime number?
True
Suppose 25*a = 6*a + 107711. Is a prime?
True
Suppose -4*o + 3*k = -12, 8 = -8*o + 3*o - 2*k. Let j(n) = -n**3 + n**2 + 161. Is j(o) composite?
True
Suppose 5 = m - 0*m. Suppose -5*b = -5*w - 15, m*w - b = -0*w - 23. Let u(k) = 5*k**2 - k + 3. Is u(w) a prime number?
False
Let h = -453 - -896. Is h composite?
False
Suppose -1191 = 5*v - 8*v. Is v a prime number?
True
Let o(r) = -3*r**2 + 1. Let q be o(1). Let n(w) = -78*w**2 + 3*w + 1. Let s(a) = 39*a**2 - 2*a - 1. Let k(p) = 2*n(p) + 5*s(p). Is k(q) a prime number?
False
Let n = 13 + -6. Suppose 2*t + 1865 = n*t. Is t prime?
True
Let c = -16 - -9. Let r(l) be the second derivative of -2*l**3/3 + 9*l**2/2 + 2*l. Is r(c) prime?
True
Let d(i) = 4*i - 8*i**3 + 6*i**3 - 3 + 0 - 2*i**2. Is d(-4) composite?
True
Let f = -2148 - -3343. Is f a prime number?
False
Let n = -134 + 223. Is n prime?
True
Is (-2)/8*(-7 + -3037) a prime number?
True
Suppose 0 = -2*p + 385 - 95. Is p prime?
False
Let f be 2/(-4)*1*-6. Suppose -2620 = -4*n - f*q - q, -4*q = -4. Suppose -n = -5*h + 161. Is h a composite number?
False
Suppose -5*l + 720 + 2035 = 0. Is l a prime number?
False
Is (4 + -2057)/(1 + 1 + -3) a prime number?
True
Let a(w) = -90*w + 4. Let b(n) = -91*n + 3. Let d(m) = -4*a(m) + 3*b(m). Is d(6) a prime number?
False
Let w = 945 + -407. Suppose -w = -5*a + a + 3*i, -2*a = -2*i - 270. Is a a prime number?
False
Let l(n) = 9*n**2 - 2*n + 2. Suppose -5*h + 5 = 5*f, 24 = 4*h - 4*f - 12. Is l(h) a prime number?
False
Let a(j) = 23*j**2 + j - 2. Let g be a(-3). Suppose 4*w - 3*w + 74 = x, 0 = 3*x + w - g. Suppose -d = 3*d - q - 55, -q = -5*d + x. Is d a composite number?
True
Let w(n) = 5*n**2 + 6. Is w(-8) a composite number?
True
Let k(q) = q**3 - 9*q**2 - 3*q + 13. Is k(10) a composite number?
False
Let i(q) be the second derivative of -q**4/12 - 3*q**3/2 - 9*q**2/2 + 3*q. Let z be i(-7). Let t(n) = 18*n + 3. Is t(z) a prime number?
False
Let t(h) = -3*h**3 + 6*h**2 - h + 7. Let i(n) = -6*n**3 + n**2 - n + 1. Let v be i(1). Is t(v) composite?
True
Let q(i) = 3 - i + i + 0 - 2*i. Is q(-5) a composite number?
False
Suppose -3 - 10 = 5*a + 2*d, -5*a - 4*d - 11 = 0. Let p be (-29)/(a/(5 + -2)). Let n = -10 + p. Is n a prime number?
True
Is 2/10 - 3588/(-10) prime?
True
Suppose 4*x = -2*g + 3 + 5, 0 = 4*g + x - 9. Suppose 3*r = g*q - 2*r - 5, -3*r - 60 = -5*q. Is q a composite number?
True
Suppose -2 = -h - 5*g, 5*h + 1 = 3*h - 5*g. Is (1/h)/((-3)/4221) prime?
False
Let r(t) = -8*t - 1. Is r(-11) prime?
False
Suppose 2*c + 2 = 10. Suppose 0 = c*t - 5*m - 2723, -2*t = 4*m - 3*m - 1351. Is t a prime number?
True
Suppose 0*g = -2*g + 8. Suppose -740 = -0*c - g*c. Is c prime?
False
Let i(r) = -22*r - 9. Is i(-14) prime?
False
Is 1/(-2)*(-372)/2 a composite number?
True
Let l = 1 - -2. Suppose l*r - 9 + 3 = 0. Suppose -r*j + 0 = -134. Is j composite?
False
Suppose 0 = -x + 1. Let a = x + -1. Is (-112)/(-2 - a) + -1 prime?
False
Let z(x) = x**3 - 7*x**2 + 9*x - 8. Let i = -1 - -8. Is z(i) composite?
True
Let q be 18/(-8)*(3 - 7). Is (q/(-3))/3*-287 prime?
False
Let n be (2/6)/((-4)/(-2244)). Let i = n - 42. Is i composite?
True
Suppose 0 = -i + 3*w - 13 + 3, 0 = 2*w - 8. Is i/(75/69 - 1) a composite number?
False
Let f be 3/(-15) + 4/20. Suppose f = 4*i - 1